site?
False
Let b be (8/4 - 3)*-2. Suppose -q + o + 367 = 3*o, b*q = 2*o + 752. Is q composite?
False
Let u(k) = 9*k**3 + 16*k**2 - 12*k - 27. Is u(10) composite?
False
Let t = -22 + 8. Let v = -16 - t. Is (-9)/(-3) + v + 292 prime?
True
Let p(y) = -y + 16. Let f(h) = 2*h - 33. Let t(x) = 2*f(x) + 5*p(x). Let g be t(10). Is 49 + (2 - (g - 6)) a prime number?
True
Let j = -634 - -30. Let x = j - -4263. Is x composite?
False
Let a(c) = -3*c**2 - 42*c - 6. Is a(-11) a composite number?
True
Let t = -2559 + 3896. Is t a prime number?
False
Let q = 4220 - 8547. Let c = 2914 + q. Is c/(-36)*(4 + 0) prime?
True
Suppose -11597 = -2*f + 12913. Let i = -6996 + f. Is i a prime number?
False
Suppose 5*r + 4*t - 143670 = 0, 189*r - 190*r + 28723 = 3*t. Is r prime?
False
Let v(t) = 9*t**2 + t. Suppose s - 4*s - 21 = 3*c, 0 = c - s - 3. Let j be v(c). Suppose 3*y - 2*w = 2*w + 26, y + 5*w = j. Is y a prime number?
False
Let g(u) = 48*u**2 + 2*u - 1. Let l be g(1). Let x = l - 26. Let m = x + 188. Is m a prime number?
True
Let j(x) = x**3 - 3*x**2 - 9*x - 2. Let m be j(5). Suppose m*o + 4568 = 11*o. Is o prime?
True
Suppose -3*v - 40339 = -2*d, -d + 54*v = 51*v - 20168. Is d a prime number?
False
Let m(i) = -i**2 + 5*i - 2 + 0*i + 13 - 2. Let a be m(7). Let v(g) = 6*g**2 - 4*g - 9. Is v(a) composite?
True
Is 56/42*2559/4 a prime number?
True
Let y = -28 + -2. Let l = -28 - y. Is -2 + l + (564 - 1) a prime number?
True
Suppose -y - 8 + 128 = 4*m, -5*y = -5*m - 500. Suppose 281 = 5*h - y. Is h a composite number?
True
Let r be (-1)/4 + -2 + 10692/16. Let j = 220 + r. Is j composite?
True
Suppose -2*n - 2 = -10. Let r(x) = -3*x**2 - 7*x - 15. Let b(f) = 3*f**2 + 6*f + 14. Let d(m) = n*b(m) + 3*r(m). Is d(10) prime?
False
Is 4 - (5 - (12195 - -2 - -1)) a composite number?
False
Suppose 0 = 4*o + 4, -2*p + 132 = -4*o + 620. Let w = p + 457. Is w a composite number?
False
Suppose 3*z + 0*z = 3, 26 = 5*r + z. Suppose 0 = 2*u - 3*t - t + 682, -5*u + r*t - 1730 = 0. Let h = u + 668. Is h composite?
False
Suppose -2*u = 4, 2*u = 2*m - 21 - 139. Suppose 0 = p - 4*p + m. Is p a composite number?
True
Suppose 3*n - 3*r = -6*r, 0 = -4*r. Suppose -o + 2 = -n*o. Suppose -2*p + o*l + 1457 + 489 = 0, 0 = -p - 5*l + 961. Is p composite?
False
Is -11361*((-26)/(-3) - 9) a composite number?
True
Suppose r - 110973 = -h, -2*h - r = -2*r - 221934. Is h prime?
True
Suppose -7*m + 2*m = -20. Suppose 2*b - 385 = -0*z - z, -b = -m*z - 179. Is b a composite number?
False
Let l(b) = -3*b + 1 - 3 - 3 - 1. Let q be l(-3). Suppose w = -q*w + 212. Is w composite?
False
Let k = 1742 + 5411. Is k a composite number?
True
Suppose 177651 = 248*l - 239*l. Is l composite?
False
Suppose -2*i = -2*l - 16690, 17434 = -4*i - 5*l + 50832. Is i composite?
True
Let p(o) = o**3 + 7*o**2 + 2*o - 14. Let x be p(-6). Suppose 6*l - x*l - 276 = 0. Is (-2105)/(-3) - (-46)/l a composite number?
False
Let g be -3 - (0 - (-2 - -5)). Let y(h) = 5*h + 703. Is y(g) prime?
False
Let t be (-4)/(-14) + (-30360)/(-70). Let b = t - 243. Is b a prime number?
True
Let s be (-50)/(-8) - 10/40. Suppose s*p = p. Let c(q) = -q**3 - q + 218. Is c(p) a prime number?
False
Let m be (32/5)/(3/10)*-15. Let z = m - -733. Is z prime?
False
Suppose 144*z = 130*z + 128562. Is z composite?
True
Suppose -4*y = 2*s - 24, 4*s + 9*y - 4*y - 36 = 0. Suppose 26 = s*d + q, 5*q + 8 = d - 9. Suppose 0 = 4*j - d*j + 771. Is j prime?
True
Suppose 13 = -4*m + 81. Is (m/3)/(6/234) a composite number?
True
Suppose 0*h + 8 = -2*h, 4*z = 4*h + 1348. Let t = -176 + z. Is t composite?
False
Suppose -4 = -4*q + 5*q. Let r(m) = -119*m - 3. Is r(q) composite?
True
Suppose 2*l - 3*o = -15, 0*l - 15 = -l - 3*o. Let b = 149 - l. Is b composite?
False
Suppose 0 = 2*d - 2, 3*l - d - 108088 = -10172. Is l a composite number?
True
Let t be 0 + 4 + 4*-3. Let u(l) = l**3 + 6*l**2 - 7*l - 7. Let y be u(t). Is y/(1/6*-2) a prime number?
False
Suppose -5*j + o = 0, 6*o - 2*o = -j. Suppose 7*y - 4743 - 6114 = j. Is y/6 - 18/12 composite?
False
Is 12*6/504 - (-166080)/14 prime?
True
Suppose -7*b = -4756 - 24553. Is b a prime number?
False
Suppose p + 3 - 6 = 0. Suppose p*w = 3 + 3. Suppose 289 = t + 4*x - 18, 0 = w*t + x - 600. Is t prime?
False
Suppose 89 = 2*q - 705. Suppose 3*w - 704 = q. Is w prime?
True
Let l = -815 - -1162. Let c = l + -228. Is c prime?
False
Let t be ((-1)/(-5))/((-6)/(-60)). Is (688 - 19)*(1*2)/t composite?
True
Let y be (-152)/((4 + -5)/(-1)). Let m = 1339 + y. Is m prime?
True
Let k(c) = -c - 77. Let j be k(-16). Let r(d) = 22*d**2 - 3*d + 3. Let a be r(3). Let t = j + a. Is t a composite number?
False
Let q(g) be the third derivative of 5*g**4/24 + g**3/3 + 2*g**2. Let u be q(-1). Let z = u - -36. Is z prime?
False
Let s(q) = 3*q**3 - 3*q**2 + q + 1. Suppose -m = -6*m + 20. Is s(m) prime?
True
Let t(r) = 0*r - 6*r + 3*r - 9 - 2*r. Let s be t(10). Let q = s + 128. Is q a prime number?
False
Suppose -6 + 7 = i. Let n be (3/(9/15))/i. Suppose n*o - 266 = -d, -1019 = -d - 3*d - 5*o. Is d a prime number?
True
Let v = 244 - 194. Suppose i - 197 = -0*k - k, k = -4*i + 185. Let y = k + v. Is y prime?
True
Is (2 - 3/6)*(-56690)/(-15) prime?
True
Suppose -8 = -2*l - 0. Suppose 2*f + l*m = 774, -1118 = -2*f + 4*m - 304. Is f prime?
True
Suppose -j + 2818 = 5*c, c - 6296 = -2*j - 633. Suppose -8*o = -7*o - j. Is o a composite number?
False
Suppose -b + 7*y + 9152 = 2*y, -3*b - y = -27376. Is b composite?
False
Let q(n) = 9140*n - 921. Is q(13) a composite number?
False
Let d = 9731 - 4540. Is d composite?
True
Is -6*(-2101)/66*83 prime?
False
Let t be (-2)/((-7 - -6)/(5126/(-4))). Let g = -1652 - t. Is g a composite number?
False
Let o = 7 - -15. Is 1*2908/10 + o/110 a prime number?
False
Let a(p) = -5472*p - 310. Is a(-4) prime?
False
Suppose -4*d + 6*d + 5*k = 12, 5*d + k - 30 = 0. Let f(s) = -s**3 + 5*s**2 + 6*s - 7. Let t be f(d). Let h(j) = -j**3 - 6*j**2 + 3*j + 3. Is h(t) composite?
False
Suppose -2*p - 2576 = 5*y, -4*y - 1552 = -y - 2*p. Let r be (3 - (-1 - -3)) + 2. Is 4 + y/(-7 + r) composite?
True
Suppose 3*b - 4 = -5*r - 1, -4 = -r - 4*b. Suppose r = -v + 12. Is 54/v*(-212)/(-6) composite?
True
Let t(b) = 3*b + 14. Let p be t(-5). Is 3 - (p - 3 - 152) composite?
True
Let m(w) = 38*w**2 + 7*w - 11. Let k = -19 - -25. Is m(k) a composite number?
False
Let c = 1774 + -3185. Let w = 2354 + c. Is w composite?
True
Let i be (4*54 + -4)/2. Let o = i - -783. Is o prime?
False
Suppose a - 17069 = -5*l, -4*l + 9*l - 4*a - 17049 = 0. Let p = l + -1104. Is p composite?
False
Suppose -3 + 9 = 2*y. Suppose -6*s - 384 = -y*s. Let z = 211 + s. Is z a composite number?
False
Let x(g) = 15 + 9 + 18*g + g. Is x(10) composite?
True
Suppose 2*w = -5*l + 9*l + 1490, 0 = -5*w - 3*l + 3751. Is w prime?
False
Let q(h) = -6*h + 9 - 3 - 8*h**2 - h**3 + 4 + 0. Let w be q(-7). Suppose w*s + 185 = 1520. Is s a prime number?
False
Let d(v) = v**3 - 6*v**2 - 7*v + 8. Let s be d(5). Is (50 + s)*(-1354)/(-4)*-1 composite?
False
Suppose -2*g = -g - 3. Suppose 2*y = 5*p - 3*p - 448, 4*p + 2*y = 872. Suppose -g*r + 542 = -p. Is r a prime number?
False
Let t = 6 + 1. Suppose 0 = 3*w + 3*d - 3345, 3*w = t*w - 4*d - 4492. Is w a prime number?
False
Let f = -19063 - -26880. Is f a prime number?
True
Suppose 5*d - 25 + 5 = 0. Let q = 7 + -2. Suppose t + 5*v - 57 = 0, q*v - 258 = -d*t - 0*t. Is t prime?
True
Let k be (3 - 0)/((-42)/(-2114)). Suppose -2*q + 263 = 5*c, 0*c + k = q - 4*c. Suppose -614 = -5*r - q. Is r composite?
True
Suppose -5*o + 52 = -3*s, 0 = -4*o - 2*s + 19 + 5. Is 3 + 446 + o/(-2) a prime number?
False
Suppose 12*f - 3*f - 20259 = 0. Suppose 0 = 2*d - f - 177. Is d a composite number?
True
Suppose 4*f = 477 + 1223. Let s = f - 168. Is s a composite number?
False
Let t(k) = 2*k**3 - 14*k**2 + 14*k - 11. Is t(12) a composite number?
False
Suppose 0 = 2*v - o - 3224, 1618 = -v + 2*v - 2*o. Suppose -m = -c + 1338 + v, 5*c = 3*m + 14750. Is c a composite number?
False
Is ((15/(-10))/(-3))/(3/33114) composite?
False
Let x be ((-1)/5)/(4/(-189940)). Let j = x + -5998. Is j a composite number?
False
Suppose 4*f + 2*i + i = 104558, -f + 26143 = -i. Is f composite?
False
Let h = 826 - 573. Let y = 518 - h. Is y composite?
True
Let f(o) = -1 - 3 + 75 + 4*o - 2*o. Let v be 